factors of 486307.
486307
List the prime factors of 288912.
2, 3, 13, 463
What are the prime factors of 1153418?
2, 7, 82387
List the prime factors of 19837942.
2, 757, 13103
List the prime factors of 3928301.
13, 449, 673
List the prime factors of 422849.
7, 29, 2083
List the prime factors of 10067839.
31, 79, 4111
What are the prime factors of 30220166?
2, 15110083
List the prime factors of 391591.
41, 9551
What are the prime factors of 20852166?
2, 3, 17, 89, 2297
What are the prime factors of 607983?
3, 202661
List the prime factors of 1470662.
2, 735331
What are the prime factors of 200786?
2, 100393
What are the prime factors of 305362?
2, 152681
What are the prime factors of 590703?
3, 196901
What are the prime factors of 501174?
2, 3, 9281
List the prime factors of 1786144.
2, 55817
List the prime factors of 767062.
2, 421, 911
List the prime factors of 721796.
2, 37, 4877
List the prime factors of 974064.
2, 3, 7, 13, 223
List the prime factors of 7427489.
733, 10133
What are the prime factors of 21174?
2, 3, 3529
List the prime factors of 36715935.
3, 5, 23, 31, 3433
What are the prime factors of 92324?
2, 23081
What are the prime factors of 1910280?
2, 3, 5, 15919
What are the prime factors of 1003113?
3, 227, 491
List the prime factors of 8152557.
3, 7, 23, 16879
List the prime factors of 15884752.
2, 13, 76369
List the prime factors of 2992468.
2, 421, 1777
List the prime factors of 173999.
7, 53, 67
What are the prime factors of 734661?
3, 81629
List the prime factors of 80125.
5, 641
List the prime factors of 4548378.
2, 3, 47, 127
List the prime factors of 384513.
3, 67, 1913
What are the prime factors of 4685310?
2, 3, 5, 7, 37, 67
List the prime factors of 15785686.
2, 7, 29, 59, 659
List the prime factors of 2729599.
193, 14143
List the prime factors of 419300.
2, 5, 7, 599
List the prime factors of 4820788.
2, 7, 172171
What are the prime factors of 111640?
2, 5, 2791
List the prime factors of 229384.
2, 53, 541
List the prime factors of 95002.
2, 47501
List the prime factors of 1820.
2, 5, 7, 13
What are the prime factors of 1330570?
2, 5, 19, 47, 149
List the prime factors of 10333871.
199, 51929
List the prime factors of 36565.
5, 71, 103
What are the prime factors of 1107123?
3, 41, 9001
List the prime factors of 4719902.
2, 11, 214541
List the prime factors of 2712849.
3, 904283
List the prime factors of 8741283.
3, 127, 22943
What are the prime factors of 1995549?
3, 23, 28921
List the prime factors of 471897.
3, 52433
What are the prime factors of 22632188?
2, 5658047
List the prime factors of 1147876.
2, 347, 827
What are the prime factors of 293339?
293339
What are the prime factors of 992405?
5, 41, 47, 103
List the prime factors of 358169.
7, 19, 2693
What are the prime factors of 1292058?
2, 3, 71, 337
What are the prime factors of 1383019?
11, 59, 2131
What are the prime factors of 22263?
3, 41, 181
What are the prime factors of 13929056?
2, 435283
List the prime factors of 1334004.
2, 3, 7, 15881
What are the prime factors of 8178?
2, 3, 29, 47
What are the prime factors of 357413?
7, 51059
List the prime factors of 297803.
11, 27073
List the prime factors of 595211.
431, 1381
What are the prime factors of 166564?
2, 41641
List the prime factors of 326855.
5, 65371
What are the prime factors of 92402?
2, 47, 983
What are the prime factors of 119251?
11, 37, 293
What are the prime factors of 37335?
3, 5, 19, 131
What are the prime factors of 2342709?
3, 86767
What are the prime factors of 17116607?
37, 12503
What are the prime factors of 1257663?
3, 11, 23, 1657
What are the prime factors of 71559?
3, 7951
What are the prime factors of 520645?
5, 31, 3359
List the prime factors of 9643732.
2, 7, 163, 2113
List the prime factors of 961792.
2, 13, 17
List the prime factors of 1080838.
2, 11, 73, 673
What are the prime factors of 332492?
2, 101, 823
List the prime factors of 921818.
2, 37, 12457
What are the prime factors of 8104123?
8104123
What are the prime factors of 808288?
2, 13, 29, 67
What are the prime factors of 4432?
2, 277
What are the prime factors of 316142?
2, 158071
What are the prime factors of 17026999?
11, 109, 1291
What are the prime factors of 627926?
2, 13, 24151
List the prime factors of 2669668.
2, 667417
List the prime factors of 2425251.
3, 808417
What are the prime factors of 182562?
2, 3, 30427
List the prime factors of 502949.
19, 103, 257
List the prime factors of 961156.
2, 7, 34327
List the prime factors of 126224.
2, 7, 23
What are the prime factors of 28948288?
2, 43, 67, 157
What are the prime factors of 12455?
5, 47, 53
List the prime factors of 690588.
2, 3, 19183
What are the prime factors of 2584797?
3, 861599
List the prime factors of 125331.
3, 41777
List the prime factors of 9363131.
9363131
What are the prime factors of 680409?
3, 19, 23, 173
What are the prime factors of 136093?
136093
What are the prime factors of 1676159?
431, 3889
What are the prime factors of 1160271?
3, 7, 877
What are the prime factors of 72399?
3, 24133
What are the prime factors of 7232138?
2, 3616069
List the prime factors of 2432656.
2, 152041
What are the prime factors of 61173?
3, 7, 971
List the prime factors of 213705.
3, 5, 1583
What are the prime factors of 527607?
3, 19541
List the prime factors of 2471212.
2, 23, 26861
List the prime factors of 72770.
2, 5, 19, 383
What are the prime factors of 4355935?
5, 233, 3739
What are the prime factors of 18124730?
2, 5, 13, 107, 1303
What are the prime factors of 1757058?
2, 3, 97, 3019
List the prime factors of 8295051.
3, 131, 21107
What are the prime factors of 898613?
898613
What are the prime factors of 201283?
31, 43, 151
What are the prime factors of 30573466?
2, 7, 11, 198529
What are the prime factors of 18145?
5, 19, 191
What are the prime factors of 101894?
2, 13, 3919
List the prime factors of 86204.
2, 23, 937
What are the prime factors of 35189724?
2, 3, 23, 59, 2161
List the prime factors of 531489.
3, 7, 25309
List the prime factors of 1199146.
2, 13, 17, 2713
What are the prime factors of 59253?
3, 19751
What are the prime factors of 148142?
2, 74071
List the prime factors of 468518.
2, 234259
What are the prime factors of 2018002?
2, 7, 17, 61, 139
What are the prime factors of 13628629?
7, 1946947
What are the prime factors of 2425316?
2, 31, 19559
What are the prime factors of 15234290?
2, 5, 1523429
List the prime factors of 586126.
2, 17, 17239
What are the prime factors of 33019?
7, 53, 89
List the prime factors of 21183155.
5, 7, 605233
List the prime factors of 820024.
2, 102503
What are the prime factors of 17831852?
2, 113, 39451
What are the prime factors of 2742073?
2742073
List the prime factors of 661140.
2, 3, 5, 3673
What are the prime factors of 1320760?
2, 5, 7, 53, 89
List the prime factors of 2097169.
2097169
What are the prime factors of 205036?
2, 13, 3943
What are the prime factors of 2942044?
2, 7, 179, 587
What are the prime factors of 41946?
2, 3, 6991
List the prime factors of 885968.
2, 55373
List the prime factors of 187988.
2, 46997
What are the prime factors of 12935228?
2, 233, 13879
What are the prime factors of 8139287?
13, 101, 6199
What are the prime factors of 984810?
2, 3, 5, 17, 1931
What are the prime factors of 162747?
3, 13, 107
What are the prime factors of 59332?
2, 7, 13, 163
What are the prime factors of 310022?
2, 379, 409
List the prime factors of 3186996.
2, 3, 53, 5011
What are the prime factors of 176760?
2, 3, 5, 491
List the prime factors of 2915688.
2, 3, 121487
List the prime factors of 503276.
2, 47, 2677
What are the prime factors of 6499280?
2, 5, 137, 593
What are the prime factors of 2644562?
2, 1322281
List the prime factors of 1653696.
2, 3, 11, 29
What are the prime factors of 6080997?
3, 13, 41, 3803
List the prime factors of 13860159.
3, 47, 98299
List the prime factors of 1861366.
2, 13, 5507
List the prime factors of 1086579.
3, 13, 37, 251
What are the prime factors of 6040737?
3, 24859
What are the prime factors of 2554463?
521, 4903
What are the prime factors of 94684?
2, 23671
List the prime factors of 163815.
3, 5, 67, 163
List the prime factors of 4238892.
2, 3, 7, 89
What are the prime factors of 228533?
173, 1321
What are the prime factors of 2714347